e thousands digit of 1218?
1
What is the hundreds digit of 32330?
3
What is the tens digit of 4760?
6
What is the ten thousands digit of 10605?
1
What is the units digit of 3875?
5
What is the units digit of 861?
1
What is the hundreds digit of 71225?
2
What is the tens digit of 1428?
2
What is the hundreds digit of 3237?
2
What is the ten thousands digit of 32963?
3
What is the thousands digit of 1645?
1
What is the tens digit of 1712?
1
What is the thousands digit of 1923?
1
What is the hundreds digit of 291?
2
What is the units digit of 72067?
7
What is the thousands digit of 12013?
2
What is the hundreds digit of 6445?
4
What is the units digit of 57965?
5
What is the units digit of 15937?
7
What is the tens digit of 2176?
7
What is the hundreds digit of 2510?
5
What is the hundred thousands digit of 189324?
1
What is the tens digit of 54?
5
What is the ten thousands digit of 15013?
1
What is the hundreds digit of 1628?
6
What is the hundreds digit of 10610?
6
What is the tens digit of 5727?
2
What is the hundreds digit of 1446?
4
What is the ten thousands digit of 120039?
2
What is the ten thousands digit of 81319?
8
What is the units digit of 63654?
4
What is the tens digit of 1897?
9
What is the ten thousands digit of 74863?
7
What is the ten thousands digit of 26284?
2
What is the thousands digit of 8895?
8
What is the hundreds digit of 126?
1
What is the tens digit of 958?
5
What is the thousands digit of 3356?
3
What is the hundreds digit of 35905?
9
What is the thousands digit of 57327?
7
What is the hundreds digit of 4258?
2
What is the tens digit of 792?
9
What is the units digit of 19442?
2
What is the hundreds digit of 945?
9
What is the hundreds digit of 103355?
3
What is the tens digit of 21295?
9
What is the hundreds digit of 196?
1
What is the ten thousands digit of 18080?
1
What is the tens digit of 53627?
2
What is the ten thousands digit of 15518?
1
What is the tens digit of 10768?
6
What is the hundreds digit of 1111?
1
What is the thousands digit of 9873?
9
What is the ten thousands digit of 58643?
5
What is the units digit of 988?
8
What is the ten thousands digit of 60999?
6
What is the thousands digit of 8544?
8
What is the units digit of 53113?
3
What is the hundreds digit of 2541?
5
What is the thousands digit of 13384?
3
What is the thousands digit of 2632?
2
What is the thousands digit of 3039?
3
What is the hundred thousands digit of 100566?
1
What is the units digit of 59181?
1
What is the hundreds digit of 5933?
9
What is the hundreds digit of 3240?
2
What is the ten thousands digit of 74506?
7
What is the hundreds digit of 1552?
5
What is the thousands digit of 9569?
9
What is the units digit of 3526?
6
What is the units digit of 75?
5
What is the thousands digit of 38191?
8
What is the hundreds digit of 50025?
0
What is the hundreds digit of 9936?
9
What is the tens digit of 6615?
1
What is the units digit of 5153?
3
What is the ten thousands digit of 11855?
1
What is the hundreds digit of 15654?
6
What is the thousands digit of 4066?
4
What is the tens digit of 1567?
6
What is the units digit of 79054?
4
What is the tens digit of 1132?
3
What is the thousands digit of 10392?
0
What is the thousands digit of 7073?
7
What is the tens digit of 7876?
7
What is the tens digit of 21071?
7
What is the tens digit of 7243?
4
What is the units digit of 485?
5
What is the ten thousands digit of 34023?
3
What is the tens digit of 2027?
2
What is the thousands digit of 2189?
2
What is the hundreds digit of 16973?
9
What is the ten thousands digit of 15518?
1
What is the hundreds digit of 3575?
5
What is the units digit of 866?
6
What is the hundreds digit of 16636?
6
What is the tens digit of 5186?
8
What is the thousands digit of 2078?
2
What is the hundreds digit of 2890?
8
What is the ten thousands digit of 12406?
1
What is the hundreds digit of 5870?
8
What is the hundreds digit of 4060?
0
What is the thousands digit of 46461?
6
What is the thousands digit of 33229?
3
What is the ten thousands digit of 63492?
6
What is the hundreds digit of 652?
6
What is the units digit of 2897?
7
What is the thousands digit of 15286?
5
What is the thousands digit of 3540?
3
What is the units digit of 599?
9
What is the thousands digit of 10806?
0
What is the units digit of 11980?
0
What is the hundred thousands digit of 105400?
1
What is the tens digit of 2038?
3
What is the thousands digit of 2219?
2
What is the tens digit of 68577?
7
What is the thousands digit of 5731?
5
What is the units digit of 19501?
1
What is the hundreds digit of 1476?
4
What is the thousands digit of 150704?
0
What is the thousands digit of 33157?
3
What is the hundreds digit of 27642?
6
What is the tens digit of 6692?
9
What is the units digit of 16706?
6
What is the tens digit of 31646?
4
What is the tens digit of 4299?
9
What is the hundreds digit of 9375?
3
What is the units digit of 801?
1
What is the hundreds digit of 3356?
3
What is the tens digit of 6161?
6
What is the thousands digit of 4517?
4
What is the tens digit of 6099?
9
What is the tens digit of 97?
9
What is the units digit of 1211?
1
What is the thousands digit of 1478?
1
What is the units digit of 5223?
3
What is the ten thousands digit of 148662?
4
What is the thousands digit of 1233?
1
What is the ten thousands digit of 117740?
1
What is the tens digit of 438?
3
What is the hundreds digit of 4079?
0
What is the tens digit of 2738?
3
What is the hundreds digit of 2433?
4
What is the hundreds digit of 130638?
6
What is the ten thousands digit of 23746?
2
What is the hundreds digit of 60810?
8
What is the ten thousands digit of 26011?
2
What is the hundreds digit of 993?
9
What is the ten thousands digit of 98268?
9
What is the tens digit of 326?
2
What is the units digit of 2146?
6
What is the units digit of 2451?
1
What is the tens digit of 6102?
0
What is the hundreds digit of 730?
7
What is the tens digit of 9032?
3
What is the tens digit of 9921?
2
What is the units digit of 102017?
7
What is the tens digit of 120748?
4
What is the tens digit of 940?
4
What is the thousands digit of 20468?
0
What is the hundreds digit of 772?
7
What is the units digit of 4794?
4
What is the tens digit of 41929?
2
What is the tens digit of 1370?
7
What is the thousands digit of 3108?
3
What is the ten thousands digit of 47242?
4
What is the thousands digit of 1549?
1
What is the thousands digit of 1190?
1
What is the thousands digit of 44935?
4
What is the thousands digit of 15389?
5
What is the hundreds digit of 3632?
6
What is the tens digit of 115?
1
What is the hundreds digit of 21931?
9
What is the thousands digit of 2326?
2
What is the thousands digit of 2968?
2
What is the hundreds digit of 2021?
0
What is the thousands digit of 64289?
4
What is the hundreds digit of 216?
2
What is the tens digit of 125051?
5
What is the units digit of 1828?
8
What is the hundreds digit of 1097?
0
What is the hundreds digit of 984?
9
What is the hundreds digit of 255?
2
What is the thousands digit of 1333?
1
What is the tens digit of 266?
6
What is the hundreds digit of 856?
8
What is the units digit of 8547?
7
What is the units digit of 1257?
7
What is the hundreds digit of 135?
1
What is the hundreds digit of 32688?
6
What is the hundreds digit of 40179?
1
What is the hundreds digit of 47819?
8
What is the tens digit of 1571?
7
What is the hundreds digit of 682?
6
What is the units digit of 4035?
5
What is the units digit of 17?
7
What is the thousands digit of 6039?
6
What is the tens digit of 20766?
6
What is the units digit of 366?
6
What is the thousands digit of 24358?
4
What is the ten thousands digit of 96297?
9
What is the units digit of 308?
8
What is the tens digit of 377?
7
What is the hundreds digit of 1335?
3
What is the tens digit of 2851?
5
What is the hundreds digit of 41086?
0
What is the thousands digit of 53929?
3
What is the tens digit of 4208?
0
What is the tens digit of 24?
2
What is the thousands digit of 4183?
4
What is the thousands digit of 6302?
6
What is the thousands digit of 142821?
2
What is the units digit of 1467?
7
What is the tens digit of 2440?
4
What is the tens digit of 16621?
2
What is the thousands digit of 6353?
6
What is the hundreds digit of 1471?
4
What is t